j) = -3*j - 1. Let w be (-1 + 4)/(3/6). Suppose 0*i - w = -3*i. Give n(i).
-7
Let h(r) = 2*r**2 - 12*r + 1. Let m be h(8). Let l be m*-2*(-3)/18. Let x = 6 - l. Let q(k) = -k - 5. Give q(x).
0
Let z(g) be the first derivative of -g**5/120 - g**4/4 + g**3/3 + 1. Let k(v) be the third derivative of z(v). Suppose -h + 4*h + 15 = 0. Give k(h).
-1
Let i(w) = -6 + 2*w**3 - 4*w**3 + 3*w + 4*w**2 + w**3. Suppose -32 = -3*b + b. Suppose -4*j + 2*d + 28 = -d, 2*d = 2*j - b. Give i(j).
6
Let t(h) = -2*h**2 + 7*h - 5. Let x = -35 + 54. Let f = -15 + x. What is t(f)?
-9
Suppose 2 = 2*t - t. Suppose 5 = t*g + 1. Let v(r) = 7 - r**3 - 2 - 1 - 6*r + 5*r**g. Calculate v(4).
-4
Let u = 4 - 9. Let j(g) be the third derivative of g**6/120 + g**5/12 - g**4/24 - 2*g**3/3 - 15*g**2. Give j(u).
1
Let t(w) = -2*w**2 - w**3 - 8*w**2 + 15 + 21*w**2 - 12*w. What is t(10)?
-5
Let q(i) = 9*i**3 + 2*i**2 + i. Suppose 5*o - 10 = -0*o. Suppose -f - 15 = 4*f. Let m = f + o. Determine q(m).
-8
Let t(j) be the third derivative of 0*j + 2*j**2 + 0 - 1/6*j**3 - 1/24*j**4. Let a(z) = z + 1. Let m(g) = 7*a(g) + 6*t(g). Determine m(5).
6
Let t(v) be the first derivative of -2*v**3/3 - 2*v - 11. Determine t(-2).
-10
Suppose 3 - 1 = -2*m. Let j(v) = 3*v**3 - v**2 + 1. Determine j(m).
-3
Let t(r) = -4*r - 3. Suppose h + 2*n - 5 = 0, 4*h + 4*n - 3*n = -15. Determine t(h).
17
Let a(x) = -x**2 - x + 1. Let k be a(1). Let i(h) = 5*h - 1. Calculate i(k).
-6
Let h(v) = -v**2 + v + 1. Let f(w) = 3*w**2 - 10*w - 5. Let j(o) = -f(o) - 4*h(o). Give j(-6).
1
Suppose 9*f - 8*f - 14 = 0. Suppose 13*o + 5 = f*o. Let q(w) = w**3 - 4*w**2 - 4*w - 7. Determine q(o).
-2
Let f(z) = z**3 + 5*z**2 - z + 5. Let q be (-62)/12 - 4/(-24). What is f(q)?
10
Let b(j) be the third derivative of j**4/24 - 17*j**3/6 - 49*j**2. Calculate b(7).
-10
Let u = 8 - 13. Let o(r) = 5 + 2*r + 5*r - 5*r. What is o(u)?
-5
Let w(s) be the first derivative of -s**3/3 + s + 15. Give w(-4).
-15
Let n(o) = o - 9. Suppose 0*k - 4 = -k. Give n(k).
-5
Let x(m) = -2 + 2*m - 7*m - m - m**2 + 0. Let o be x(-5). Let s(g) = -3*g + 4. Calculate s(o).
-5
Let z(w) = -3*w**3 - 3*w**2 - 2*w - 2. Let m(c) = -3*c + 91. Let k be m(31). What is z(k)?
14
Let u = 5 - 3. Let i(k) = 1. Let z(h) = h - 1. Let l be 0 + 3 + -2 - 0. Let d(o) = l*z(o) + u*i(o). Give d(5).
6
Let l(a) = a**2 - 1 - 2*a**2 + 2 - a**2. What is l(-1)?
-1
Let v(i) = -7*i**2 - i. Suppose -2*h - 4*s - 8 = 10, -3*h = s + 7. What is v(h)?
-6
Let o(b) = -8*b. Let g(v) = -3*v. Let n(s) = 14*g(s) - 5*o(s). Give n(-5).
10
Let g(f) = -f**2 + 3*f - 4. Suppose 5*b - 7 + 31 = 3*x, -4*x - 5*b = 3. Determine g(x).
-4
Let f(j) be the second derivative of 1/3*j**3 + 0 + j + 0*j**2. Let w(a) = a - 7. Let h be w(5). Calculate f(h).
-4
Suppose 0 = -5*c + 17 + 18. Let s(d) = d**2 + 6*d - 2. Let z(o) = 4*o**2 + 19*o - 6. Let p(j) = c*s(j) - 2*z(j). Give p(5).
-7
Let p be 8/6*8/32. Let h(v) be the third derivative of 2*v**2 - p*v**3 + 0 - 1/12*v**4 - 1/120*v**6 + 1/12*v**5 + 0*v. Calculate h(2).
6
Let l(n) = 5*n - 3 + 3*n - n - 2*n**2 - 2*n. Let t = -2 + 5. What is l(t)?
-6
Let c(i) = -i**3 - 3*i**2 + 3*i - 8. Let t(r) = 3*r**3 + 8*r**2 - 9*r + 23. Let y(a) = -17*c(a) - 6*t(a). Determine y(3).
7
Suppose m - 2 = -m. Let i(n) = 4*n**2 + m - n**3 - 44*n - 40*n + 82*n. Determine i(4).
-7
Suppose -3*p - 3 = -6*p + 4*w, -4*w + 4 = 4*p. Let o(v) = 12*v - 1. Calculate o(p).
11
Suppose -4*x + 35 = 19. Let z(n) = n**2 - 4. Calculate z(x).
12
Let w(v) = 4*v - 2. Let f = 44 - 47. Determine w(f).
-14
Let p(a) be the second derivative of 2*a**3 + a**2/2 - 3*a. Determine p(-1).
-11
Let z(m) = -m**2 - 5*m - 4. Let a be z(-3). Let u(s) = 2 - 7*s**3 + 2*s**a - s**2 - s + 2 - 3. Calculate u(1).
-6
Let z = -3 + -2. Let i(r) = 193 - 5*r - r**2 - 193. Calculate i(z).
0
Let q = 4 + -3. Let r(a) = q - 2*a - 1 + a**2 + a. Give r(-2).
6
Let g(b) be the third derivative of -b**5/60 + b**4/24 + 2*b**3/3 - 9*b**2. Give g(0).
4
Let j(t) = -2*t - 1. Let o = -9 + 13. Let v be -2*1 + -7 + o. Give j(v).
9
Let n(f) = -f**2 - 9*f - 6. Suppose 3*g + 2 = c, 5*g = 5*c + g - 10. Let u be 0 + c + -5 + -5. Calculate n(u).
2
Suppose -5*m + 2*o + 57 = -0*m, 2*m - 19 = -3*o. Let v(b) = 3*b + 17 - m - 8 - 4*b. Let n be ((-8)/(-6))/(2/6). Determine v(n).
-6
Let q be 4/(-6)*(-3 - -6). Let p be q + 9 - (-2)/(-1). Suppose -4*h - p*r - 20 = -h, 0 = h - r + 4. Let t(l) = -l**2 - 6*l + 2. Give t(h).
7
Suppose 3*z = -3*u, -4*u - 20 = -3*z + 15. Let k be (4/5)/((-2)/(-5)). Let a(t) = 2*t - t - 4 - k*t. Calculate a(u).
1
Suppose -q = -r - 5*q - 20, 0 = -2*r + 2*q. Let g(c) = -c. Let o be g(0). Let j(i) = o*i**3 - 3 + i**3 - 2*i**3 - 5*i**2 - 2*i + i**2. Calculate j(r).
5
Let k(i) = i**3 - 4*i**2 - 7*i + 7. Let u be (-17)/85 - (31/(-5) - -1). Calculate k(u).
-3
Suppose -25*b = -22*b - 15. Let r(t) be the second derivative of t**4/12 - 5*t**3/6 + t**2 + t. Calculate r(b).
2
Let y(w) = w**3 - 9*w**2 - w + 11. Let l be y(9). Suppose -6 = l*n, 6*f + n = f + 17. Let g(u) = -3*u + 6. What is g(f)?
-6
Let n = 2 + 0. Let m(h) = -7*h + n*h**2 - 7 - h**2 + 2*h. Give m(6).
-1
Let w(u) = -u**3 - 6*u**2 - 4*u + 4. Let c be 1*(2 - (-5)/(-2))*8. What is w(c)?
-12
Let t(j) = -8*j + 7. Let q(m) = -17*m + 15. Let v(f) = -6*q(f) + 13*t(f). Let h(r) = -3*r**3. Let y be h(1). Calculate v(y).
7
Let h(j) = j**3 - 4*j**2 + 4*j - 5. Let t be h(3). Suppose 0 = p - 4. Let x(k) = 5*k - p - k + 6. What is x(t)?
-6
Let k(p) be the second derivative of -p**4/12 - 4*p**3/3 + 5*p**2/2 - 8*p. Calculate k(-8).
5
Suppose -5 = -5*v + 2*u, 4*u = 4*v - 3 - 1. Suppose d - 6 = -d. Let m(a) = -2*a**2 + 7*a - 8*a - v - d*a**2. Calculate m(-1).
-5
Let q(c) = -5*c**3 - c. Suppose -5*a - 52 + 12 = 0. Let r = 9 + a. Calculate q(r).
-6
Suppose 6 = 4*w - 2*l, -5*w - l = -3*l - 6. Let p be w - ((4 - 8) + 3). Let i(o) = 7*o**3 - o. What is i(p)?
6
Let k = -2 - -2. Let z(q) be the first derivative of q**2/2 - 9*q - 1. Give z(k).
-9
Let n(c) = 9*c**3 - c**2 + 2*c + 3. Let o(d) = 2*d**3 + d + 1. Let j(y) = n(y) - 2*o(y). What is j(-1)?
-5
Let a be ((-5)/(-15))/((-3)/(-9)). Let v(y) = 5 - 5 - y. What is v(a)?
-1
Let c(t) be the third derivative of -t**6/120 + t**4/6 + t**3/2 + 17*t**2. Let m(x) = -x**2 - 7*x - 2. Let b be m(-6). Let l be b/(-6)*6/2. Give c(l).
3
Let m(g) = 3*g**3 + 5. Let f(v) = 2*v**3 + v**2 - v + 4. Let n(p) = -4*f(p) + 3*m(p). Give n(4).
15
Let r(d) = d**2 + 4*d - 3. Let g(n) = n**2 - 2*n - 4. Let f be g(2). Give r(f).
-3
Let g = -1 + -1. Let f be ((-4)/g)/(-5 + 4). Let w = 4 + f. Let m(k) = 2*k**3 - 2*k**2 - k. What is m(w)?
6
Let i = 65 + -62. Let j(k) be the first derivative of -2*k + 3*k**2 + 3 - 1/3*k**i. Determine j(4).
6
Let k(n) = 2*n + 6. Let w be -3*1/(-3) + 1. Suppose 3*f - 8 = -g, -f = -5*g - w*f - 16. Determine k(g).
-2
Let i be -4*((-4)/(-8))/(-1). Let l(c) = -16*c**3 - c**2 + 1 + i*c - 2*c**2 + 15*c**3. Determine l(-4).
9
Let f(m) = -6*m + m**3 + 2 + 2*m**3 + 0 - 2*m**3 + 5*m**2. Let a be f(-6). Let x(c) = 2*c**3 - 2*c**2 - 2*c + 2. Calculate x(a).
6
Let g(b) = 2*b + 7. Let q be (9 - (-1 - -1))/1. Suppose -3 = 3*i - 4*i. Suppose 24 = -i*r + q. Give g(r).
-3
Let o(y) = -y**2 - 5*y - 7. Let n(q) = 141*q - 1. Let p be n(1). Suppose -2*t = 3*t - p. Suppose -x - 3*c + 6 = 2, 5*x + t = c. What is o(x)?
-7
Let d = -6 - -10. Let l(q) = -q**2 + 5*q - 2. What is l(d)?
2
Let u(p) = 8*p - 3*p - 100 + 105 + p**2. Determine u(-4).
1
Let y = 37 - 42. Let x(u) = u**3 - 2*u**2 - u - 2. Let f be x(3). Let m(l) = 6 + f*l**2 - 2*l**2 + l**3 - 3*l + 2*l**2. What is m(y)?
-4
Let i(x) = x + 5. Let n = -22 - -18. Give i(n).
1
Let z(i) = 20*i - 1. Suppose 3*r - 25 = -22. Give z(r).
19
Let t(v) = v**3 + v**2 - v + 9. Let u(g) = -g**3 + 5*g**2 - 5*g + 4. Let b be u(4). Determine t(b).
9
Let f(j) = j**3 + 6*j**2 + 4*j + 1. Let r = 5 - 10. Give f(r).
6
Let w(m) = 16*m**2. Suppose -5*l + 10 = -5*b, 8*l - 4*l + 19 = -5*b. What is w(l)?
16
Suppose 2*x - 9 = -5. Suppose -5*m + x*d + 4 = -21, -3*m - 5*d = 16. Let b(z) = -z**3 + 3*z**2 - z + 2. What is b(m)?
-1
Let b(i) = -i**2 + 7*i - 6. Suppose 5*w = 2*j - 89, -5*w - 152 + 42 = 5*j. Let f = -14 - w. What is b(f)?
4
Let c(n) = 3*n - 4. Let t(x) = x**2 + x + 1. Let f be t(-7). Let l = f + -27. Suppose 4*d + u + 16 = 8*d, 4*u = -l. Give c(d).
5
Let g(h) = -h**2